= 2 - -3. Let t be (-72)/(-10) - 1/y. What are the prime factors of 2/t + (-216)/(-28)?
2
Let m(s) be the first derivative of 9*s**2/2 + 12*s - 3. Let j = -59 - -64. What are the prime factors of m(j)?
3, 19
Let b(v) = -v**3 + 12*v**2 + 12*v + 19. Let h be b(13). Suppose 5*c = h*c - 78. List the prime factors of c.
2, 3, 13
Let f(a) = -5*a + 1. Let w(l) = l**2 - 1. Let g(z) = -f(z) + w(z). What are the prime factors of g(-10)?
2, 3
Let u(s) = s**3 - s**2 + 5*s + 2. Let g be u(4). Let n be -2 - ((-8)/(-4) - 4). Suppose n*o - 5*o = -g. What are the prime factors of o?
2, 7
Let i(n) = n**3 - n**2 - 1. Let t(u) = -10*u + 33*u**2 - u**3 - 14*u**2 - 5*u**3 - u**3 + 9. Let d(p) = 6*i(p) + t(p). What are the prime factors of d(12)?
3
Let r(n) = n**2 + 4*n - 65. Let q be r(7). Suppose 5*d = -q*d + 5474. What are the prime factors of d?
2, 7, 23
Let r = -618 + 867. What are the prime factors of r?
3, 83
Let p = 77 - 28. Suppose -a + 10 = -p. List the prime factors of a.
59
Suppose 0 = -17*r - 7 + 874. List the prime factors of r.
3, 17
Let c(l) = -l + 2. Let v be c(1). Suppose p = -4 + v. List the prime factors of p/12 - (-109)/4.
3
Let q = 224 - 87. List the prime factors of q.
137
Let z(j) = -j**2 - 4*j - 4. Let m be z(-3). Let r(b) = -35*b. List the prime factors of r(m).
5, 7
What are the prime factors of (67*(-10)/25)/((-4)/40)?
2, 67
Suppose 5*m + 923 = 2*d, -4*m + 1353 = 3*d - m. List the prime factors of d.
2, 227
What are the prime factors of (-336)/(-27)*189/(-36)*-3?
2, 7
Let y = -7 + 67. List the prime factors of y/8*(-48)/(-20).
2, 3
Let o(m) = -4*m**2 + 21*m + 2. Let c(p) = 5*p**2 - 22*p - 2. Let u(j) = -6*c(j) - 7*o(j). List the prime factors of u(-5).
23
Suppose 2*l + 5*r - 149 = 0, -3*l - 3*r = -l - 159. Suppose -l = -3*y - 0*y. List the prime factors of (8 - 7)*(y + 0).
29
Let k be (-3)/(-12) + (-77)/(-28). Suppose 3*i = -2*t + 62, -i = i + k*t - 43. Suppose -4*q + 100 + 124 = -4*h, 0 = 4*h - i. List the prime factors of q.
61
Let r(w) = 7*w - 6. Let d be 2*82/12 - 2/3. List the prime factors of r(d).
5, 17
Let v(t) = 12*t**2 - 9*t + 11. What are the prime factors of v(-6)?
7, 71
Let d(g) be the third derivative of 7*g**4/6 - 5*g**3/2 + 35*g**2. What are the prime factors of d(4)?
97
List the prime factors of 1/((-4)/34744*(1 - 3)).
43, 101
Let v be 0 - ((3 - 7) + -4). List the prime factors of (8*-3 - 0)/(v/(-20)).
2, 3, 5
Suppose -3*z + 2*z - 1684 = -c, 0 = -c - 3*z + 1688. What are the prime factors of c?
5, 337
Let i = 202 + -117. Let h = 310 - i. List the prime factors of h.
3, 5
Let a(f) = f**3 + 25*f**2 - 29. What are the prime factors of a(-16)?
5, 7, 13
What are the prime factors of -87*((-133)/21 + 5)?
2, 29
Suppose -17*n = -20*n + 3*h + 657, -2*h + 4 = 0. What are the prime factors of n?
13, 17
Let y be (-2)/4 + (-10)/(-4). Let x(k) = k**2 - 10*k - 21. Let f be x(12). Suppose -3*q = 5*p - 19, 34 = y*q + p - f*p. List the prime factors of q.
13
Let u(g) = 3*g**2 - 11 + 5 - g**3 - 7 - 9*g. What are the prime factors of u(-4)?
3, 5
Let l be (-126)/(-33) - (-2)/11. Suppose -3*z = -l*x + 19, 3*x - z + 7 = -3*z. List the prime factors of x/(-6) + (-1393)/(-42).
3, 11
Let y(u) = 2*u**2 - 26*u. Let o be y(13). List the prime factors of 1*(o + (113 - 1)).
2, 7
Let b = 696 - 274. What are the prime factors of b?
2, 211
Suppose -5*r = -2*v + 828, 6*v + r = 4*v + 816. What are the prime factors of v?
409
Suppose 22*v = 12119 - 3165. What are the prime factors of v?
11, 37
Let k(r) = r**2 - 9*r + 10. Let p be k(8). Suppose 0*q + 5*j - 10 = q, 3*j - 4 = q. What are the prime factors of 5 + p + -2 + q?
2, 5
What are the prime factors of 546 - (9/(-2) - (-5)/10)?
2, 5, 11
Suppose 0 = w + 3*w + 60. Let x be w/(-5)*(0 - 1). Let v(r) = -12*r + 8. What are the prime factors of v(x)?
2, 11
Let b(u) = 289*u**2 + 1. Let j(g) = -96*g**2. Let q(k) = -2*b(k) - 7*j(k). List the prime factors of q(-1).
2, 23
Suppose -2*c + 4*c = -2, -5*c + 773 = 2*j. List the prime factors of j.
389
Suppose 8*o - 3*o + 372 = a, 0 = 5*a - 4*o - 1923. List the prime factors of a.
3, 43
Let z(n) = 24*n**2 - 15*n + 10. What are the prime factors of z(5)?
5, 107
Suppose -27*i + 28*i = 5, 3*n - 4*i = 9145. What are the prime factors of n?
5, 13, 47
Let k = 121 - 1. What are the prime factors of k?
2, 3, 5
Let x = 500 + -321. What are the prime factors of x?
179
Suppose 0 = 6*y - 95 - 241. Let u = y - -12. What are the prime factors of u?
2, 17
Let d(l) = 84*l**2 - 27*l - 104. List the prime factors of d(-4).
2, 337
What are the prime factors of (20/6)/((-95)/(-91998))?
2, 3, 269
Let h(a) = -239*a**3 + 3*a**2 + a - 1. Let s be h(-1). Let t be ((-4)/5)/((-2)/s). Suppose 4*n - 80 = t. What are the prime factors of n?
2, 11
Suppose -4*v - 345 = -z, -6*v = -z - 5*v + 339. What are the prime factors of z?
337
Let j = 63 + -60. Suppose 4*a - 656 = -4*d, 8*a - j*a + 4*d = 815. What are the prime factors of a?
3, 53
Suppose 64*t - 38640 = -16*t. What are the prime factors of t?
3, 7, 23
Let b(p) = -2*p + 7*p**2 + 0*p - p - 24. What are the prime factors of b(-5)?
2, 83
Suppose 0 = -2*u, -22*s + 4*u = -21*s - 5343. What are the prime factors of s?
3, 13, 137
Let q(f) = 24*f**2 - 2*f + 471. What are the prime factors of q(0)?
3, 157
Suppose -3*c + 2*x + 1436 = -3*x, -3*x - 12 = 0. What are the prime factors of c?
2, 59
Let h = 778 + 994. List the prime factors of h.
2, 443
Let x(c) = -c**3 - 4*c**2 - 29*c - 181. What are the prime factors of x(-8)?
307
Let l(k) = 2*k**2 + k - 4. Let g = -2 - -7. What are the prime factors of l(g)?
3, 17
Suppose 5*w - 35*g + 33*g - 1684 = 0, -g - 2 = 0. What are the prime factors of w?
2, 3, 7
Suppose -4*j + k = 98, -28 = 2*j + 3*k + 14. Let g = j + 26. Suppose g*s - 40 = 54. What are the prime factors of s?
47
Let l(i) be the second derivative of 6*i - 1/2*i**2 + 0 + 1/3*i**3. List the prime factors of l(5).
3
Let y(r) = 3*r**2 - 1 - 5*r - 3 + 6 - 3. Let x be y(4). List the prime factors of ((-30)/(-9))/(6/x).
3, 5
Suppose 16*f - 42427 = -13*f. What are the prime factors of f?
7, 11, 19
Let g = -1328 - -1419. What are the prime factors of g?
7, 13
Suppose 62*j - 45*j = 10846. What are the prime factors of j?
2, 11, 29
Let k = 19 - 9. Suppose k = -5*c + 40. Let u(i) = i**3 - 4*i**2 - 8*i. List the prime factors of u(c).
2, 3
Suppose 0 = -3*z - 2 + 47. Let s = -10 + z. Suppose 18 = -s*a + 83. What are the prime factors of a?
13
Let a be -6*((-4)/6 - 0). Suppose a*x = -x + 155. Suppose -4*j - x = -d - 96, -2*d = -6. What are the prime factors of j?
17
Suppose 4*t - i = 7, 0*i = 3*t + 4*i - 29. Suppose -2*y - 134 = -2*k, -2*k + 104 + 32 = -t*y. List the prime factors of k.
5, 13
Let p = -33 - -37. What are the prime factors of p + 4/((4 + -3)/52)?
2, 53
Let c(j) = -j**3 + 22*j**2 - 27*j - 33. List the prime factors of c(15).
3, 379
Suppose 25*z - 22*z - t = 8910, -z + 2968 = -t. List the prime factors of z.
2971
Let q be 4/24*(-4 + 0)*-6. Suppose o - q = 16. List the prime factors of o.
2, 5
Let a = -15 + 54. Suppose -3*d + 60 + a = 0. List the prime factors of d.
3, 11
Suppose 3*d + 1 = 2*d. Let n(w) = -21*w - 1. Let y be n(d). Suppose 0 = -3*k + 83 - y. List the prime factors of k.
3, 7
Suppose 3*d - 3*x = 4707, 2978 = -3*d - x + 7665. What are the prime factors of d?
2, 17, 23
Suppose 0 = -5*h + 7*h - 4. Suppose -h*a - 2*w = -a - 67, -368 = -5*a + w. What are the prime factors of a?
73
Suppose 2*d - 28 = -2*l, -l - 5*d + 0 - 6 = 0. Let r(h) = -h + 19. Let s be r(l). Suppose s = 5*g - 36 - 9. List the prime factors of g.
3
Let d = 2554 - 1795. List the prime factors of d.
3, 11, 23
Let k(j) = -69*j + 2. What are the prime factors of k(-3)?
11, 19
Let y(r) = 2*r**2 - 4 + 4*r - 1 + 2 - r**3 - 1. Let v be y(3). List the prime factors of -5*41/5*v.
41
What are the prime factors of 1324*(-2)/32*-8?
2, 331
Let k(p) = 3*p**2 - 5*p - 59. List the prime factors of k(-13).
3, 19
Suppose 5*i - 16 = 4*o - 5, i = -o + 4. Suppose i*d - 38 = -5. What are the prime factors of d?
11
Let l = -3 + 14. List the prime factors of (-8)/(-44) - (-1560)/l.
2, 71
Suppose 0 = -k + 2*v - 403 + 1338, -5*k + v + 4630 = 0. What are the prime factors of k?
5, 37
Let b be (-6)/3 - 324/(-3). Suppose 3*s + b = 4*s. Suppose -4*d + s = -0*d - 2*r, -2*d + 68 = -4*r. What are the prime f